rime factors of 725861039.
29, 1567, 15973
What are the prime factors of 74424149?
31, 2400779
What are the prime factors of 2134433436?
2, 3, 17, 2083, 5023
What are the prime factors of 2218568082?
2, 3, 369761347
List the prime factors of 6103228.
2, 101, 15107
What are the prime factors of 2983747801?
367, 709, 11467
What are the prime factors of 422207739?
3, 347, 135193
What are the prime factors of 113393152?
2, 221471
List the prime factors of 554131827.
3, 19, 463, 2333
List the prime factors of 68039113.
563, 120851
List the prime factors of 27343702.
2, 367, 37253
What are the prime factors of 3932702387?
251, 15668137
What are the prime factors of 929269271?
7, 19, 283, 3527
List the prime factors of 3296477901.
3, 6577, 167071
What are the prime factors of 1188381643?
2237, 531239
List the prime factors of 4690112294.
2, 7, 509, 658169
What are the prime factors of 735527878?
2, 367763939
List the prime factors of 408982744.
2, 277, 184559
List the prime factors of 1726234656.
2, 3, 43, 418177
What are the prime factors of 38156765?
5, 743, 10271
What are the prime factors of 3623537896?
2, 11, 17, 1453, 1667
What are the prime factors of 1465251507?
3, 1409, 115547
What are the prime factors of 14515177?
97, 151, 991
List the prime factors of 240978132.
2, 3, 2231279
List the prime factors of 941012087.
23, 1171, 34939
List the prime factors of 45174546.
2, 3, 1213, 2069
What are the prime factors of 1166867978?
2, 583433989
List the prime factors of 565832237.
565832237
What are the prime factors of 905238883?
905238883
List the prime factors of 1778736989.
41, 43383829
List the prime factors of 5739092807.
7, 2767, 6047
List the prime factors of 77886220.
2, 5, 1523, 2557
List the prime factors of 27603288.
2, 3, 47, 2719
What are the prime factors of 864121072?
2, 54007567
What are the prime factors of 21763050?
2, 3, 5, 29, 5003
What are the prime factors of 694549669?
11, 3463, 18233
List the prime factors of 92273545.
5, 7, 13, 202799
What are the prime factors of 409799088?
2, 3, 105401
List the prime factors of 1013295208.
2, 83, 389, 3923
List the prime factors of 786803653.
31, 41, 281, 2203
What are the prime factors of 1557867250?
2, 5, 17, 67, 5471
What are the prime factors of 1953935588?
2, 11, 907, 4451
What are the prime factors of 395749213?
751, 526963
List the prime factors of 369852488.
2, 1933, 23917
List the prime factors of 11845507.
11845507
What are the prime factors of 4662170?
2, 5, 127, 3671
What are the prime factors of 1147985366?
2, 11, 31, 509, 3307
List the prime factors of 504629913.
3, 23, 271, 26987
What are the prime factors of 242616267?
3, 277, 307, 317
What are the prime factors of 9480781?
17, 557693
List the prime factors of 467382492.
2, 3, 71, 182857
What are the prime factors of 550087053?
3, 53, 103, 33589
List the prime factors of 6135436306.
2, 17, 47, 997, 3851
List the prime factors of 22399091.
11, 13, 12049
List the prime factors of 2887263014.
2, 19801, 72907
What are the prime factors of 4061395794?
2, 3, 41, 16509739
What are the prime factors of 159073895?
5, 1009, 31531
What are the prime factors of 49839960?
2, 3, 5, 67, 6199
List the prime factors of 2278196889.
3, 43, 401, 44041
List the prime factors of 87627533.
7, 1117, 1601
What are the prime factors of 202881899?
11, 41, 599, 751
List the prime factors of 214409755.
5, 7, 601, 10193
List the prime factors of 1037537764.
2, 259384441
What are the prime factors of 878541915?
3, 5, 58569461
What are the prime factors of 422529960?
2, 3, 5, 3521083
What are the prime factors of 16627604?
2, 7, 79, 7517
What are the prime factors of 1966677057?
3, 72839891
List the prime factors of 732147.
3, 13, 18773
What are the prime factors of 6549642?
2, 3, 11, 19, 1741
List the prime factors of 943847123.
17, 3265907
List the prime factors of 41338269.
3, 7, 72907
What are the prime factors of 4521878961?
3, 1507292987
What are the prime factors of 285600742?
2, 7, 19, 1073687
What are the prime factors of 3896876338?
2, 23, 84714703
What are the prime factors of 783508019?
7, 17, 6584101
List the prime factors of 43308405.
3, 5, 7, 6547
List the prime factors of 346929931.
17, 20407643
List the prime factors of 57020897.
1697, 33601
List the prime factors of 1312445027.
73, 17978699
List the prime factors of 4707886.
2, 2353943
List the prime factors of 52151.
11, 431
What are the prime factors of 1476943351?
13, 109, 643, 1621
What are the prime factors of 75835135?
5, 269, 56383
List the prime factors of 55059295.
5, 83, 181, 733
List the prime factors of 44787662.
2, 41, 317, 1723
List the prime factors of 1101722155.
5, 541, 407291
What are the prime factors of 365953240?
2, 5, 9148831
What are the prime factors of 122557038?
2, 3, 20426173
List the prime factors of 387612580.
2, 5, 17, 67061
List the prime factors of 43413759.
3, 47, 34211
What are the prime factors of 54978904?
2, 6872363
List the prime factors of 5970353934.
2, 3, 15439, 64451
What are the prime factors of 653383018?
2, 326691509
List the prime factors of 508950901.
31, 16417771
What are the prime factors of 9187547?
9187547
List the prime factors of 276701002.
2, 61, 37181
What are the prime factors of 537404968?
2, 19, 131, 137, 197
List the prime factors of 340637300.
2, 5, 31, 109883
What are the prime factors of 29394583?
137, 214559
List the prime factors of 7858356891.
3, 7, 11, 4127, 8243
What are the prime factors of 331680013?
7, 17, 2787227
List the prime factors of 27180037.
251, 108287
List the prime factors of 348615896.
2, 59, 149, 4957
List the prime factors of 20102717.
20102717
What are the prime factors of 2727452006?
2, 23087, 59069
What are the prime factors of 819074115?
3, 5, 29, 627643
List the prime factors of 12588489.
3, 1398721
List the prime factors of 611798143.
11, 109, 4217
List the prime factors of 57939618.
2, 3, 11, 877873
What are the prime factors of 750646502?
2, 1249, 300499
What are the prime factors of 252377679?
3, 53, 61, 26021
What are the prime factors of 599220009?
3, 107, 622243
What are the prime factors of 1521139338?
2, 3, 37, 253777
List the prime factors of 614994853.
11, 401, 139423
List the prime factors of 83424196.
2, 37, 733, 769
What are the prime factors of 158191650?
2, 3, 5, 37, 3167
What are the prime factors of 10428573?
3, 1129, 3079
What are the prime factors of 35581296?
2, 3, 43, 17239
List the prime factors of 629594967.
3, 229, 916441
List the prime factors of 45144367.
17, 43, 61757
List the prime factors of 81111174.
2, 3, 113, 119633
List the prime factors of 577854044.
2, 144463511
List the prime factors of 181398940.
2, 5, 43, 210929
List the prime factors of 39943205.
5, 7988641
List the prime factors of 66678853.
43, 47, 32993
What are the prime factors of 125749913?
131, 409, 2347
List the prime factors of 27739533.
3, 2357, 3923
List the prime factors of 30887110.
2, 5, 3088711
What are the prime factors of 110124645?
3, 5, 769, 9547
What are the prime factors of 1108623975?
3, 5, 17, 101, 8609
List the prime factors of 187269609.
3, 131, 476513
List the prime factors of 66425643.
3, 397, 6197
What are the prime factors of 622064540?
2, 5, 31103227
What are the prime factors of 16469117?
7, 151, 15581
What are the prime factors of 233861588?
2, 17, 857, 4013
List the prime factors of 35369058.
2, 3, 457, 12899
What are the prime factors of 128360277?
3, 14262253
List the prime factors of 29149122.
2, 3, 199, 24413
List the prime factors of 1037494547.
17, 61029091
List the prime factors of 1451434736.
2, 337, 269183
List the prime factors of 24870376.
2, 3108797
List the prime factors of 3689092876.
2, 7, 31, 4250107
What are the prime factors of 401682004?
2, 31, 109, 113, 263
List the prime factors of 73071841.
73071841
What are the prime factors of 240616669?
240616669
List the prime factors of 991924963.
19, 449, 116273
List the prime factors of 54282195.
3, 5, 11, 109661
List the prime factors of 76677504.
2, 3, 233, 857
What are the prime factors of 242865311?
13, 2243, 8329
What are the prime factors of 2827115074?
2, 7, 588737
List the prime factors of 113702605.
5, 22740521
What are the prime factors of 782947100?
2, 5, 13, 602267
List the prime factors of 18493231